f 1644 and 734219716.
548
What is the greatest common factor of 218550884 and 3088?
772
What is the highest common divisor of 506 and 501259?
11
What is the greatest common divisor of 1508 and 351728?
52
What is the highest common divisor of 250612603 and 383?
383
Calculate the greatest common factor of 132847233 and 1812.
453
What is the greatest common factor of 10500 and 2383850?
350
What is the highest common factor of 61415217 and 11121?
1011
What is the greatest common factor of 1445384 and 2013552?
632
Calculate the greatest common factor of 424 and 709771654.
106
What is the greatest common factor of 622900 and 80?
20
Calculate the highest common divisor of 1 and 16811.
1
Calculate the greatest common factor of 21 and 82649245.
7
What is the greatest common divisor of 2389146 and 1360?
34
What is the highest common divisor of 321 and 12177390?
3
What is the highest common factor of 39123 and 2692683?
1701
Calculate the highest common factor of 2555 and 18313145.
365
What is the greatest common factor of 130013 and 482538249?
10001
Calculate the highest common factor of 41940600 and 89300.
1900
What is the highest common factor of 15031308 and 15?
3
What is the greatest common divisor of 383715890 and 10?
10
Calculate the greatest common factor of 202 and 304116.
2
What is the highest common factor of 133111 and 4059?
11
What is the highest common factor of 570 and 641472680?
190
Calculate the greatest common factor of 20932 and 44789247.
5233
Calculate the highest common factor of 1197273119 and 322.
161
Calculate the greatest common divisor of 50 and 112299275.
25
What is the highest common divisor of 3141198 and 36972?
1422
What is the greatest common divisor of 2426 and 299503043?
1213
What is the greatest common divisor of 16930 and 1019194465?
8465
Calculate the highest common factor of 108 and 40058658.
54
What is the highest common divisor of 1360 and 124670520?
680
What is the highest common factor of 22200121 and 705?
47
What is the greatest common factor of 295496 and 12212?
172
Calculate the greatest common divisor of 44800 and 214760.
280
Calculate the highest common divisor of 33143075 and 245.
35
Calculate the highest common divisor of 411 and 78933.
3
Calculate the highest common factor of 141253 and 15827.
119
What is the greatest common divisor of 304 and 2789656?
152
Calculate the greatest common divisor of 2137726 and 76586.
514
What is the highest common factor of 12608992 and 114356?
4972
What is the greatest common factor of 53677500 and 2550?
2550
What is the highest common divisor of 18457034 and 6526?
502
What is the greatest common divisor of 17347176 and 8940?
1788
What is the highest common factor of 58536466 and 45826?
4166
What is the greatest common factor of 283384 and 134?
2
What is the greatest common factor of 1932 and 10269?
21
Calculate the greatest common factor of 8289 and 1066743.
27
Calculate the highest common divisor of 2019655 and 2.
1
What is the highest common factor of 13834 and 88?
2
Calculate the greatest common factor of 475873 and 15285.
1019
What is the greatest common divisor of 45 and 55077039?
9
What is the greatest common divisor of 3330 and 146668?
74
What is the highest common divisor of 7805 and 104839882?
1561
What is the greatest common divisor of 31400 and 306800?
200
What is the highest common divisor of 496893 and 1887?
51
Calculate the greatest common factor of 40897095 and 15.
15
What is the greatest common divisor of 20224960 and 420?
140
Calculate the greatest common factor of 559 and 4384667.
43
What is the highest common divisor of 674 and 5957486?
674
Calculate the greatest common divisor of 925 and 574241295.
185
What is the greatest common divisor of 25 and 873745?
5
What is the greatest common factor of 131916277 and 17?
17
Calculate the highest common divisor of 224 and 14867360.
32
Calculate the highest common factor of 2336007440 and 13.
13
What is the highest common divisor of 6538369 and 58?
29
Calculate the highest common factor of 125 and 7481475.
25
Calculate the highest common divisor of 34854 and 58386.
222
What is the greatest common divisor of 349 and 94365?
1
Calculate the greatest common divisor of 1896 and 291736.
8
What is the greatest common factor of 37985 and 539815?
535
Calculate the highest common divisor of 1 and 5294693.
1
Calculate the greatest common factor of 759 and 1192458.
69
Calculate the greatest common divisor of 86615470 and 2990.
230
Calculate the greatest common factor of 35313 and 114432.
447
What is the greatest common divisor of 412883730 and 7?
7
What is the highest common divisor of 12421620 and 720?
180
Calculate the greatest common factor of 1908700 and 236.
4
Calculate the highest common factor of 3140 and 21924265.
785
Calculate the greatest common divisor of 34992 and 70424316.
2916
What is the highest common factor of 7209738 and 54?
18
Calculate the highest common divisor of 98861 and 2048809.
3409
Calculate the greatest common factor of 1883141 and 221.
221
Calculate the highest common factor of 33 and 138549.
3
Calculate the greatest common divisor of 564473 and 1456.
91
Calculate the greatest common divisor of 1268 and 75856.
4
What is the greatest common divisor of 517 and 55842336?
11
What is the greatest common divisor of 250348 and 1708?
28
Calculate the greatest common factor of 12 and 507108.
12
What is the highest common factor of 65 and 85774?
13
What is the highest common factor of 8592514 and 10744?
2686
What is the highest common divisor of 13429504 and 68992?
1408
What is the highest common divisor of 1978872 and 861?
21
What is the highest common divisor of 372 and 319951?
31
Calculate the highest common divisor of 141085 and 5064038.
203
Calculate the greatest common divisor of 3079704 and 84.
12
Calculate the greatest common factor of 23796414 and 522.
522
Calculate the greatest common divisor of 195172608 and 256.
256
What is the highest common divisor of 2031111 and 64008?
1143
Calculate the greatest common divisor of 316 and 249429623.
79
Calculate the greatest common divisor of 65776523 and 772.
193
Calculate the greatest common factor of 672378976 and 192.
32
Calculate the highest common factor of 27665099 and 36729.
4081
Calculate the highest common divisor of 154 and 28439026.
154
Calculate the highest common divisor of 5129698 and 13755.
917
Calculate the greatest common divisor of 192565 and 6289.
19
What is the greatest common factor of 163976 and 340312?
824
Calculate the greatest common factor of 62382890 and 76.
38
Calculate the highest common divisor of 38584 and 192472.
56
Calculate the greatest common divisor of 144 and 1698640.
16
Calculate the greatest common divisor of 80 and 1824485.
5
What is the greatest common factor of 7105864 and 4?
4
Calculate the greatest common factor of 440151238 and 32048.
4006
What is the highest common divisor of 38 and 127156265?
19
Calculate the greatest common factor of 2238 and 30095878.
746
Calculate the greatest common factor of 4867204350 and 2850.
2850
What is the greatest common factor of 2450466 and 498?
6
What is the highest common factor of 579719160 and 864?
216
Calculate the greatest common factor of 46 and 46765923.
23
Calculate the highest common factor of 15780 and 2310090.
30
Calculate the highest common divisor of 132471 and 96883.
41
What is the greatest common divisor of 2771769 and 2465333?
923
Calculate the greatest common divisor of 12 and 16178156.
4
What is the greatest common factor of 399 and 16447711?
133
Calculate the highest common divisor of 1140605 and 1973490.
785
Calculate the highest common factor of 1951864432 and 14.
14
Calculate the greatest common divisor of 10803984 and 8016.
48
What is the highest common divisor of 38 and 14694144?
38
What is the highest common divisor of 348 and 91282024?
116
What is the greatest common divisor of 19 and 697489?
1
Calculate the highest common divisor of 4584434 and 186.
2
What is the greatest common divisor of 182182 and 745976?
1078
What is the greatest common divisor of 19134 and 564370086?
6378
What is the greatest common divisor of 5810428 and 3458?
494
What is the greatest common divisor of 69654 and 348834?
282
What is the greatest common factor of 3430320 and 210?